{"id":2654,"date":"2024-05-17T07:50:04","date_gmt":"2024-05-17T05:50:04","guid":{"rendered":"https:\/\/joyfulchoir.dk\/?page_id=2654"},"modified":"2025-10-01T11:51:52","modified_gmt":"2025-10-01T09:51:52","slug":"betaling","status":"publish","type":"page","link":"https:\/\/joyfulchoir.dk\/index.php\/betaling\/","title":{"rendered":"Betaling"},"content":{"rendered":"\n<h3 class=\"wp-block-heading\">Aftenskole deltagerbetaling \u2013 efter\u00e5r 2025<\/h3>\n\n\n\n<p>Via netbank har du nu mulighed for at kunne betale til Aftenskolen Ebeltoft for deltagelse i <span tabindex='0' class='glossary-item-container'>Joyful Choir<span class='glossary-item-hidden-content'><span class='glossary-item-header'>Joyful Choir<\/span> <span class='glossary-item-description'>Joyful Choir, er b\u00e5de et \u2018nyt\u2019 og \u2018gammelt\u2019 kor med dybe r\u00f8dder p\u00e5 Mols og Djursland.\r\rKoret startede s\u00e5 sm\u00e5t op i 2005-06.\r\rJoyful Choir er et projektkor, der ikke er bange for at kaste sig ud i sp\u00e6ndende tonale eksperimenter.\r\rJoyful Choir er under ledelse af Gitte Korsholm Sloth.\r\rJoyful Choir er inddelt i 5 stemmegrupper:\r\r \t1. sopran\r \t2. sopran\r \talt\r \ttenor\r \tbas\r<\/span><\/span><\/span>.<br>Bel\u00f8bet (pr. person pr. s\u00e6son) udg\u00f8r: kr. 500,-<\/p>\n\n\n\n<p>Inds\u00e6ttes p\u00e5:<br>Reg.nr. 2267 Kontonr.: 365 560 4390<\/p>\n\n\n\n<p>For at alle kan blive registreret p\u00e5 den korrekte m\u00e5de, er der behov for at f\u00e5 f\u00f8lgende oplysninger:<br>1. Navn<br>2. F\u00f8dselsdato samt \u00e5r<br>3. Telefonnummer<br>4. E-mailadresse<\/p>\n\n\n\n<p>s\u00e5 Aftenskolen Ebeltoft evt. kan kontakte dig i tvivlssp\u00f8rgsm\u00e5l.<\/p>\n","protected":false},"excerpt":{"rendered":"<p>Aftenskole deltagerbetaling \u2013 efter\u00e5r 2025 Via netbank har du nu mulighed for at kunne betale til Aftenskolen Ebeltoft for deltagelse i Joyful ChoirJoyful Choir Joyful [&hellip;]<\/p>\n","protected":false},"author":1,"featured_media":0,"parent":0,"menu_order":0,"comment_status":"closed","ping_status":"closed","template":"","meta":{"_acf_changed":false,"ngg_post_thumbnail":0,"footnotes":""},"class_list":["post-2654","page","type-page","status-publish","hentry"],"acf":[],"jetpack_sharing_enabled":true,"_links":{"self":[{"href":"https:\/\/joyfulchoir.dk\/index.php\/wp-json\/wp\/v2\/pages\/2654","targetHints":{"allow":["GET"]}}],"collection":[{"href":"https:\/\/joyfulchoir.dk\/index.php\/wp-json\/wp\/v2\/pages"}],"about":[{"href":"https:\/\/joyfulchoir.dk\/index.php\/wp-json\/wp\/v2\/types\/page"}],"author":[{"embeddable":true,"href":"https:\/\/joyfulchoir.dk\/index.php\/wp-json\/wp\/v2\/users\/1"}],"replies":[{"embeddable":true,"href":"https:\/\/joyfulchoir.dk\/index.php\/wp-json\/wp\/v2\/comments?post=2654"}],"version-history":[{"count":0,"href":"https:\/\/joyfulchoir.dk\/index.php\/wp-json\/wp\/v2\/pages\/2654\/revisions"}],"wp:attachment":[{"href":"https:\/\/joyfulchoir.dk\/index.php\/wp-json\/wp\/v2\/media?parent=2654"}],"curies":[{"name":"wp","href":"https:\/\/api.w.org\/{rel}","templated":true}]}}