{"id":539,"date":"2024-04-07T12:29:04","date_gmt":"2024-04-07T10:29:04","guid":{"rendered":"https:\/\/joyfulchoir.dk\/?page_id=539"},"modified":"2024-04-20T14:32:47","modified_gmt":"2024-04-20T12:32:47","slug":"allehelgen-2019","status":"publish","type":"page","link":"https:\/\/joyfulchoir.dk\/index.php\/allehelgen-2019\/","title":{"rendered":"Allehelgen 2019"},"content":{"rendered":"\n<hr class=\"wp-block-separator has-alpha-channel-opacity\"\/>\n\n\n\n<h3 class=\"wp-block-heading\">Allehelgen 2019<\/h3>\n\n\n\n<p>ALLEHELGEN<br>MED SANG OG HISTORIE<br>2. nov. kl. 15-17<br>P\u00e5 S\u00f8lballegaard, Mols<br>Gratis entr\u00e9<\/p>\n\n\n\n<h2 class=\"wp-block-heading\">Program<\/h2>\n\n\n\n<p>Indgangssang:&nbsp;<a href=\"\/mp3\/diverse\/Allehelgen2019\/01-SkyerneGraanerOgLoevetFalder-20191102.mp3\" target=\"_blank\" rel=\"noopener\" title=\"\">Skyerne gr\u00e5ner og l\u00f8vet falder<\/a>&nbsp;\u2013 F\u00e6lleskoret<br><em>Mel. Thora Borch 1866<br>Tekst: N.F.S. Grundtvig 1847<br>Dir. Kristine Poulsgaard Tj\u00f8rnholm<\/em><\/p>\n\n\n\n<p><a href=\"\/mp3\/diverse\/Allehelgen2019\/02-SkovenErSaaUnderfuld-20191102.mp3\" target=\"_blank\" rel=\"noopener\" title=\"\">Skoven er s\u00e5 underfuld<\/a>&nbsp;\u2013 Courage Koret<br><em>Mel. John H\u00f8ybye \u2013 Sats: Bjarne Martin<br>Dir. Helle Sandberg Zederkof<\/em><\/p>\n\n\n\n<p><a href=\"\/mp3\/diverse\/Allehelgen2019\/03-Allehelgen-20191102.mp3\" target=\"_blank\" rel=\"noopener\" title=\"\">Allehelgen<\/a>&nbsp;\u2013 Sognepr\u00e6st Lene Marie Hauge<\/p>\n\n\n\n<p><a href=\"\/mp3\/diverse\/Allehelgen2019\/04-DenStoreHvideFlokViSe-20191102.mp3\" target=\"_blank\" rel=\"noopener\" title=\"\">Den store hvide flok vi se<\/a>&nbsp;\u2013 F\u00e6lleskoret<br><em>Brorson\/Nebelong \u2013 arr. Kristine Poulsgaard Tj\u00f8rnholm<br>Dir. Kristine Poulsgaard Tj\u00f8rnholm<\/em><\/p>\n\n\n\n<p><a href=\"\/mp3\/diverse\/Allehelgen2019\/05-Spor-20191102.mp3\" target=\"_blank\" rel=\"noopener\" title=\"\">Spor<\/a>&nbsp;\u2013 Museumsinspekt\u00f8r Tina Bjerregaard og Sognepr\u00e6st Lene Marie Hauge<\/p>\n\n\n\n<p><a href=\"\/mp3\/diverse\/Allehelgen2019\/06-EtMaageskrigOgDagenBliverFoedt-20191102.mp3\" target=\"_blank\" rel=\"noopener\" title=\"\">Et m\u00e5geskrig og dagen bliver f\u00f8dt<\/a>&nbsp;\u2013 <span tabindex='0' class='glossary-item-container'>Joyful Choir<span class='glossary-item-hidden-content'><span class='glossary-item-header'>Joyful Choir<\/span> <span class='glossary-item-description'>Joyful Choir, er b\u00e5de et \u2018nyt\u2019 og \u2018gammelt\u2019 kor med dybe r\u00f8dder p\u00e5 Mols og Djursland.\r\rKoret startede s\u00e5 sm\u00e5t op i 2005-06.\r\rJoyful Choir er et projektkor, der ikke er bange for at kaste sig ud i sp\u00e6ndende tonale eksperimenter.\r\rJoyful Choir er under ledelse af Gitte Korsholm Sloth.\r\rJoyful Choir er inddelt i 5 stemmegrupper:\r\r \t1. sopran\r \t2. sopran\r \talt\r \ttenor\r \tbas\r<\/span><\/span><\/span><br><em>John H\u00f8ybye \/ Niels Erik Nielsen<br>Dir. Marianne Bie<\/em><\/p>\n\n\n\n<p><a href=\"\/mp3\/diverse\/Allehelgen2019\/07-HuskeHarenSmag-20191102.mp3\" target=\"_blank\" rel=\"noopener\" title=\"\">Huske \/ Haren \/ Smag<\/a>&nbsp;\u2013 Sognepr\u00e6st Lene Marie Hauge \/ Historiker Benno Bl\u00e6sild \/ Kok Rasmus Schmidt<\/p>\n\n\n\n<p>Indgangssang:&nbsp;<a href=\"\/mp3\/diverse\/Allehelgen2019\/08-Oooohh-20191102.mp3\" target=\"_blank\" rel=\"noopener\" title=\"\">Oooohh<\/a>&nbsp;\u2013 F\u00e6lleskoret<br><em>Dir. Kristine Poulsgaard Tj\u00f8rnholm<\/em><\/p>\n\n\n\n<p><a href=\"\/mp3\/diverse\/Allehelgen2019\/09-Oejeblikket-20191102.mp3\" target=\"_blank\" rel=\"noopener\" title=\"\">\u00d8jeblikket<\/a>&nbsp;\u2013 Molskoret<br><em>Tekst og melodi Mette Poulsen<br>Dir. Kristine Poulsgaard Tj\u00f8rnholm<\/em><\/p>\n\n\n\n<p><a href=\"\/mp3\/diverse\/Allehelgen2019\/10-November-20191102.mp3\" target=\"_blank\" rel=\"noopener\" title=\"\">November<\/a>&nbsp;\u2013 Museumsinspekt\u00f8r &amp; Madhistoriker Bettina Buhl<\/p>\n\n\n\n<p><a href=\"\/mp3\/diverse\/Allehelgen2019\/11-NovemberMalerLandetGraatIGraat-20191102.mp3\" target=\"_blank\" rel=\"noopener\" title=\"\">November maler landet gr\u00e5t i gr\u00e5t<\/a>&nbsp;\u2013 F\u00e6lleskoret<br><em>Erik Sommer \/ Niels Brunse<br>Dir. Kristine Poulsgaard Tj\u00f8rnholm<\/em><\/p>\n\n\n\n<p><a href=\"\/mp3\/diverse\/Allehelgen2019\/12-DybtHaelderAaretISinGang-20191102.mp3\" target=\"_blank\" rel=\"noopener\" title=\"\">Dybt h\u00e6lder \u00e5ret i sin gang<\/a>&nbsp;\u2013 F\u00e6llessang<br><em>Mel.: Johann Cr\u00fcger 1653<br>C.J. Boye 1833<\/em><\/p>\n\n\n\n<p><a href=\"\/mp3\/diverse\/Allehelgen2019\/13-Afslutning-20191102.mp3\" target=\"_blank\" rel=\"noopener\" title=\"\">Afslutning<\/a>&nbsp;\u2013 Sognepr\u00e6st Lene Marie Hauge<\/p>\n","protected":false},"excerpt":{"rendered":"<p>Allehelgen 2019 ALLEHELGENMED SANG OG HISTORIE2. nov. kl. 15-17P\u00e5 S\u00f8lballegaard, MolsGratis entr\u00e9 Program Indgangssang:&nbsp;Skyerne gr\u00e5ner og l\u00f8vet falder&nbsp;\u2013 F\u00e6lleskoretMel. Thora Borch 1866Tekst: N.F.S. Grundtvig 1847Dir. [&hellip;]<\/p>\n","protected":false},"author":1,"featured_media":172,"parent":0,"menu_order":0,"comment_status":"closed","ping_status":"closed","template":"","meta":{"_acf_changed":false,"ngg_post_thumbnail":0,"footnotes":""},"class_list":["post-539","page","type-page","status-publish","has-post-thumbnail","hentry"],"acf":[],"jetpack_sharing_enabled":true,"_links":{"self":[{"href":"https:\/\/joyfulchoir.dk\/index.php\/wp-json\/wp\/v2\/pages\/539","targetHints":{"allow":["GET"]}}],"collection":[{"href":"https:\/\/joyfulchoir.dk\/index.php\/wp-json\/wp\/v2\/pages"}],"about":[{"href":"https:\/\/joyfulchoir.dk\/index.php\/wp-json\/wp\/v2\/types\/page"}],"author":[{"embeddable":true,"href":"https:\/\/joyfulchoir.dk\/index.php\/wp-json\/wp\/v2\/users\/1"}],"replies":[{"embeddable":true,"href":"https:\/\/joyfulchoir.dk\/index.php\/wp-json\/wp\/v2\/comments?post=539"}],"version-history":[{"count":0,"href":"https:\/\/joyfulchoir.dk\/index.php\/wp-json\/wp\/v2\/pages\/539\/revisions"}],"wp:featuredmedia":[{"embeddable":true,"href":"https:\/\/joyfulchoir.dk\/index.php\/wp-json\/wp\/v2\/media\/172"}],"wp:attachment":[{"href":"https:\/\/joyfulchoir.dk\/index.php\/wp-json\/wp\/v2\/media?parent=539"}],"curies":[{"name":"wp","href":"https:\/\/api.w.org\/{rel}","templated":true}]}}

<hr class="wp-block-separator has-alpha-channel-opacity"/>



<h3 class="wp-block-heading">Allehelgen 2019</h3>



<p>ALLEHELGEN<br>MED SANG OG HISTORIE<br>2. nov. kl. 15-17<br>På Sølballegaard, Mols<br>Gratis entré</p>



<h2 class="wp-block-heading">Program</h2>



<p>Indgangssang:&nbsp;<a href="/mp3/diverse/Allehelgen2019/01-SkyerneGraanerOgLoevetFalder-20191102.mp3" target="_blank" rel="noopener" title="">Skyerne gråner og løvet falder</a>&nbsp;– Fælleskoret<br><em>Mel. Thora Borch 1866<br>Tekst: N.F.S. Grundtvig 1847<br>Dir. Kristine Poulsgaard Tjørnholm</em></p>



<p><a href="/mp3/diverse/Allehelgen2019/02-SkovenErSaaUnderfuld-20191102.mp3" target="_blank" rel="noopener" title="">Skoven er så underfuld</a>&nbsp;– Courage Koret<br><em>Mel. John Høybye – Sats: Bjarne Martin<br>Dir. Helle Sandberg Zederkof</em></p>



<p><a href="/mp3/diverse/Allehelgen2019/03-Allehelgen-20191102.mp3" target="_blank" rel="noopener" title="">Allehelgen</a>&nbsp;– Sognepræst Lene Marie Hauge</p>



<p><a href="/mp3/diverse/Allehelgen2019/04-DenStoreHvideFlokViSe-20191102.mp3" target="_blank" rel="noopener" title="">Den store hvide flok vi se</a>&nbsp;– Fælleskoret<br><em>Brorson/Nebelong – arr. Kristine Poulsgaard Tjørnholm<br>Dir. Kristine Poulsgaard Tjørnholm</em></p>



<p><a href="/mp3/diverse/Allehelgen2019/05-Spor-20191102.mp3" target="_blank" rel="noopener" title="">Spor</a>&nbsp;– Museumsinspektør Tina Bjerregaard og Sognepræst Lene Marie Hauge</p>



<p><a href="/mp3/diverse/Allehelgen2019/06-EtMaageskrigOgDagenBliverFoedt-20191102.mp3" target="_blank" rel="noopener" title="">Et mågeskrig og dagen bliver født</a>&nbsp;– <span tabindex='0' class='glossary-item-container'>Joyful Choir<span class='glossary-item-hidden-content'><span class='glossary-item-header'>Joyful Choir</span> <span class='glossary-item-description'>Joyful Choir, er både et ‘nyt’ og ‘gammelt’ kor med dybe rødder på Mols og Djursland.Koret startede så småt op i 2005-06.Joyful Choir er et projektkor, der ikke er bange for at kaste sig ud i spændende tonale eksperimenter.Joyful Choir er under ledelse af Gitte Korsholm Sloth.Joyful Choir er inddelt i 5 stemmegrupper: 	1. sopran 	2. sopran 	alt 	tenor 	bas</span></span></span><br><em>John Høybye / Niels Erik Nielsen<br>Dir. Marianne Bie</em></p>



<p><a href="/mp3/diverse/Allehelgen2019/07-HuskeHarenSmag-20191102.mp3" target="_blank" rel="noopener" title="">Huske / Haren / Smag</a>&nbsp;– Sognepræst Lene Marie Hauge / Historiker Benno Blæsild / Kok Rasmus Schmidt</p>



<p>Indgangssang:&nbsp;<a href="/mp3/diverse/Allehelgen2019/08-Oooohh-20191102.mp3" target="_blank" rel="noopener" title="">Oooohh</a>&nbsp;– Fælleskoret<br><em>Dir. Kristine Poulsgaard Tjørnholm</em></p>



<p><a href="/mp3/diverse/Allehelgen2019/09-Oejeblikket-20191102.mp3" target="_blank" rel="noopener" title="">Øjeblikket</a>&nbsp;– Molskoret<br><em>Tekst og melodi Mette Poulsen<br>Dir. Kristine Poulsgaard Tjørnholm</em></p>



<p><a href="/mp3/diverse/Allehelgen2019/10-November-20191102.mp3" target="_blank" rel="noopener" title="">November</a>&nbsp;– Museumsinspektør &amp; Madhistoriker Bettina Buhl</p>



<p><a href="/mp3/diverse/Allehelgen2019/11-NovemberMalerLandetGraatIGraat-20191102.mp3" target="_blank" rel="noopener" title="">November maler landet gråt i gråt</a>&nbsp;– Fælleskoret<br><em>Erik Sommer / Niels Brunse<br>Dir. Kristine Poulsgaard Tjørnholm</em></p>



<p><a href="/mp3/diverse/Allehelgen2019/12-DybtHaelderAaretISinGang-20191102.mp3" target="_blank" rel="noopener" title="">Dybt hælder året i sin gang</a>&nbsp;– Fællessang<br><em>Mel.: Johann Crüger 1653<br>C.J. Boye 1833</em></p>



<p><a href="/mp3/diverse/Allehelgen2019/13-Afslutning-20191102.mp3" target="_blank" rel="noopener" title="">Afslutning</a>&nbsp;– Sognepræst Lene Marie Hauge</p>

<p>Allehelgen 2019 ALLEHELGENMED SANG OG HISTORIE2. nov. kl. 15-17På Sølballegaard, MolsGratis entré Program Indgangssang:&nbsp;Skyerne gråner og løvet falder&nbsp;– FælleskoretMel. Thora Borch 1866Tekst: N.F.S. Grundtvig 1847Dir. [&hellip;]</p>
